, 3, 1063
What are the prime factors of 3138169?
1087, 2887
List the prime factors of 55515.
3, 5, 3701
List the prime factors of 235393.
29, 8117
List the prime factors of 3482302.
2, 1741151
What are the prime factors of 647795?
5, 23, 43, 131
What are the prime factors of 1063512?
2, 3, 14771
What are the prime factors of 775239?
3, 258413
What are the prime factors of 125146?
2, 7, 1277
List the prime factors of 10169643.
3, 11, 31, 9941
List the prime factors of 37764761.
19, 1987619
What are the prime factors of 717347?
23, 31189
List the prime factors of 27886242.
2, 3, 4647707
What are the prime factors of 5853139?
601, 9739
What are the prime factors of 1061507?
271, 3917
List the prime factors of 987976.
2, 11, 103, 109
What are the prime factors of 3852220?
2, 5, 192611
List the prime factors of 1161774.
2, 3, 19, 43, 79
List the prime factors of 105175.
5, 7, 601
What are the prime factors of 321615?
3, 5, 7, 1021
List the prime factors of 2553427.
2553427
List the prime factors of 3560233.
569, 6257
List the prime factors of 2870750.
2, 5, 11483
What are the prime factors of 1384567?
607, 2281
What are the prime factors of 801392?
2, 50087
What are the prime factors of 1352383?
1352383
List the prime factors of 1855697.
1855697
What are the prime factors of 3116985?
3, 5, 207799
List the prime factors of 277241.
37, 59, 127
List the prime factors of 367830.
2, 3, 5, 61, 67
List the prime factors of 183166.
2, 91583
What are the prime factors of 353688?
2, 3, 14737
List the prime factors of 2607112.
2, 325889
List the prime factors of 126218.
2, 223, 283
List the prime factors of 2552389.
7, 364627
What are the prime factors of 27298614?
2, 3, 7, 67, 89, 109
List the prime factors of 706041.
3, 7, 1601
What are the prime factors of 3956963?
29, 136447
What are the prime factors of 10803024?
2, 3, 17, 1471
List the prime factors of 156015.
3, 5, 3467
List the prime factors of 437440.
2, 5, 1367
What are the prime factors of 5498126?
2, 37, 191, 389
What are the prime factors of 1045815?
3, 5, 113, 617
What are the prime factors of 15379?
7, 13
List the prime factors of 391411.
257, 1523
List the prime factors of 309951.
3, 34439
What are the prime factors of 1099676?
2, 23, 11953
List the prime factors of 845971.
7, 17, 7109
What are the prime factors of 9120558?
2, 3, 23, 29, 43, 53
What are the prime factors of 1494307?
571, 2617
List the prime factors of 1842404.
2, 317, 1453
What are the prime factors of 341359?
29, 79, 149
List the prime factors of 191887.
311, 617
List the prime factors of 13931176.
2, 7, 47, 67, 79
List the prime factors of 7717340.
2, 5, 83, 4649
List the prime factors of 42284.
2, 11, 31
What are the prime factors of 257278?
2, 7, 17, 23, 47
What are the prime factors of 1242045?
3, 5, 7, 3943
What are the prime factors of 14942811?
3, 13, 29473
List the prime factors of 71701.
7, 10243
List the prime factors of 413420.
2, 5, 7, 2953
What are the prime factors of 1537551?
3, 29, 43, 137
What are the prime factors of 77818?
2, 13, 41, 73
List the prime factors of 3162700.
2, 5, 31627
List the prime factors of 152636.
2, 11, 3469
What are the prime factors of 18953195?
5, 467, 8117
What are the prime factors of 1251731?
13, 73, 1319
List the prime factors of 356242.
2, 59, 3019
What are the prime factors of 7750?
2, 5, 31
What are the prime factors of 4082721?
3, 43, 31649
List the prime factors of 10098602.
2, 373, 13537
What are the prime factors of 14258951?
7, 290999
List the prime factors of 4933389.
3, 821, 2003
List the prime factors of 434224.
2, 7, 3877
What are the prime factors of 3407141?
41, 83101
List the prime factors of 2089372.
2, 61, 8563
List the prime factors of 2850838.
2, 379, 3761
List the prime factors of 5718893.
73, 78341
What are the prime factors of 903710?
2, 5, 90371
List the prime factors of 137178.
2, 3, 7621
List the prime factors of 24424898.
2, 163, 74923
What are the prime factors of 42907?
107, 401
What are the prime factors of 13154579?
67, 196337
What are the prime factors of 10444556?
2, 2611139
What are the prime factors of 8047249?
7, 1149607
List the prime factors of 9827357.
9827357
What are the prime factors of 2243018?
2, 1121509
What are the prime factors of 8163555?
3, 5, 109, 4993
What are the prime factors of 37165131?
3, 37, 233, 479
What are the prime factors of 899397?
3, 33311
What are the prime factors of 1226399?
659, 1861
List the prime factors of 1941404.
2, 485351
List the prime factors of 316337.
7, 45191
List the prime factors of 725289.
3, 419, 577
List the prime factors of 3428882.
2, 1714441
List the prime factors of 204229.
131, 1559
List the prime factors of 544588.
2, 11, 12377
What are the prime factors of 58096?
2, 3631
List the prime factors of 1714197.
3, 571399
List the prime factors of 29468.
2, 53, 139
List the prime factors of 1804752.
2, 3, 83, 151
What are the prime factors of 11500419?
3, 7, 547639
List the prime factors of 3781781.
3781781
What are the prime factors of 374301?
3, 4621
List the prime factors of 4748240.
2, 5, 7, 61, 139
What are the prime factors of 41857?
19, 2203
List the prime factors of 6975551.
11, 634141
List the prime factors of 265643.
7, 137, 277
List the prime factors of 5267439.
3, 585271
What are the prime factors of 75179?
13, 5783
What are the prime factors of 1764024?
2, 3, 31, 2371
List the prime factors of 4564575.
3, 5, 20287
List the prime factors of 219600.
2, 3, 5, 61
List the prime factors of 874023.
3, 23, 53, 239
What are the prime factors of 1363075?
5, 7, 7789
What are the prime factors of 963134?
2, 271, 1777
List the prime factors of 335566.
2, 7, 11, 2179
List the prime factors of 1720453.
7, 107, 2297
What are the prime factors of 338721?
3, 23, 4909
What are the prime factors of 2332442?
2, 7, 166603
List the prime factors of 27300317.
11, 17, 145991
What are the prime factors of 360000?
2, 3, 5
What are the prime factors of 77714?
2, 7, 13, 61
List the prime factors of 8441098.
2, 53, 79633
What are the prime factors of 23344?
2, 1459
What are the prime factors of 22819?
19, 1201
List the prime factors of 205625.
5, 7, 47
List the prime factors of 4998564.
2, 3, 31, 1493
List the prime factors of 12869009.
661, 19469
List the prime factors of 10323465.
3, 5, 31, 149
List the prime factors of 1033053.
3, 7, 49193
List the prime factors of 27409.
27409
What are the prime factors of 1779254?
2, 17, 43, 1217
What are the prime factors of 341496?
2, 3, 17, 31
What are the prime factors of 385898?
2, 192949
What are the prime factors of 1212647?
47, 25801
What are the prime factors of 6527426?
2, 3263713
What are the prime factors of 2877142?
2, 199, 7229
List the prime factors of 168729.
3, 11, 5113
What are the prime factors of 282548?
2, 7, 10091
What are the prime factors of 2884069?
2884069
List the prime factors of 4843231.
4843231
What are the prime factors of 3583298?
2, 29, 61781
What are the prime factors of 1364554?
2, 682277
What are the prime factors of 18845158?
2, 41, 229819
List the prime factors of 191704.
2, 31, 773
What are the prime factors of 2368825?
5, 19, 4987
List the prime factors of 135598.
2, 151, 449
What are the prime factors of 305523?
3, 83, 409
List the prime factors of 6572183.
17, 29, 13331
What are the prime factors of 440818?
2, 7, 23, 37
List the prime factors of 1601813.
1601813
List the prime factors of 2639194.
2, 599, 2203
What are the prime factors of 750211?
7, 11, 9743
What are the prime factors of 1119226?
2, 23, 29, 839
What are the prime factors of 663396?
2, 3, 59, 937
What are the prime factors of 185994?
2, 3, 10333
List the prime factors of 5906150.
2, 5, 19, 6217
List the prime factors of 8181672.
2, 3, 340903
What are the prime factors of 312795?
3, 5, 7, 331
What are the prime factors of 10516293?
3, 1168477
What are the prime factors of 468381?
3, 156127
List the prime factors of 4012151.
11, 13, 28057
List the prime factors of 221776.
2, 83, 167
List the prime factors of 392570.
2, 5, 37, 1061
List the prime factors of 1219750.
2, 5, 7, 17, 41
What are the prime factors of 16092979?
7, 97, 137, 173
List the prime factors of 210587.
13, 97, 167
List the prime factors of 2559865.
5, 7, 11, 61, 109
What are the prime factors of 9378